{"id":31699,"date":"2025-03-28T09:59:43","date_gmt":"2025-03-28T09:59:43","guid":{"rendered":"https:\/\/xn--krtilkge-54af.dk\/?post_type=tribe_events&#038;p=31699"},"modified":"2025-03-28T10:11:51","modified_gmt":"2025-03-28T10:11:51","slug":"koertilkoege-paa-valloe-camping","status":"publish","type":"tribe_events","link":"https:\/\/xn--krtilkge-54af.dk\/index.php\/event\/koertilkoege-paa-valloe-camping\/","title":{"rendered":"K\u00f8rTilK\u00f8ge p\u00e5 Vall\u00f8 Camping"},"content":{"rendered":"<p>L\u00f8rdag den 30\/08-25 er K\u00f8rTilK\u00f8ge inviteret p\u00e5 Vall\u00f8 Camping, med start kl. 13,00. Pandekage bilen Tutten kommer med l\u00e6ggerrier til os.<\/p>\n<p>https:\/\/www.mad-tutten.dk\/<\/p>\n","protected":false},"excerpt":{"rendered":"<p>L\u00f8rdag den 30\/08-25 er K\u00f8rTilK\u00f8ge inviteret p\u00e5 Vall\u00f8 Camping, med start kl. 13,00. Pandekage bilen Tutten kommer med l\u00e6ggerrier til os. https:\/\/www.mad-tutten.dk\/<\/p>\n","protected":false},"author":2,"featured_media":0,"template":"","meta":{"_tribe_events_status":"","_tribe_events_status_reason":"","footnotes":""},"tags":[],"tribe_events_cat":[],"class_list":["post-31699","tribe_events","type-tribe_events","status-publish","hentry"],"yoast_head":"<!-- This site is optimized with the Yoast SEO plugin v25.5 - https:\/\/yoast.com\/wordpress\/plugins\/seo\/ -->\n<title>K\u00f8rTilK\u00f8ge p\u00e5 Vall\u00f8 Camping - K\u00f8r Til K\u00f8ge<\/title>\n<meta name=\"robots\" content=\"index, follow, max-snippet:-1, max-image-preview:large, max-video-preview:-1\" \/>\n<link rel=\"canonical\" href=\"https:\/\/xn--krtilkge-54af.dk\/index.php\/event\/koertilkoege-paa-valloe-camping\/\" \/>\n<meta property=\"og:locale\" content=\"da_DK\" \/>\n<meta property=\"og:type\" content=\"article\" \/>\n<meta property=\"og:title\" content=\"K\u00f8rTilK\u00f8ge p\u00e5 Vall\u00f8 Camping - K\u00f8r Til K\u00f8ge\" \/>\n<meta property=\"og:description\" content=\"L\u00f8rdag den 30\/08-25 er K\u00f8rTilK\u00f8ge inviteret p\u00e5 Vall\u00f8 Camping, med start kl. 13,00. Pandekage bilen Tutten kommer med l\u00e6ggerrier til os. https:\/\/www.mad-tutten.dk\/\" \/>\n<meta property=\"og:url\" content=\"https:\/\/xn--krtilkge-54af.dk\/index.php\/event\/koertilkoege-paa-valloe-camping\/\" \/>\n<meta property=\"og:site_name\" content=\"K\u00f8r Til K\u00f8ge\" \/>\n<meta property=\"article:publisher\" content=\"https:\/\/www.facebook.com\/groups\/796986930314276\" \/>\n<meta property=\"article:modified_time\" content=\"2025-03-28T10:11:51+00:00\" \/>\n<meta name=\"twitter:card\" content=\"summary_large_image\" \/>\n<meta name=\"twitter:label1\" content=\"Estimeret l\u00e6setid\" \/>\n\t<meta name=\"twitter:data1\" content=\"1 minut\" \/>\n<script type=\"application\/ld+json\" class=\"yoast-schema-graph\">{\"@context\":\"https:\/\/schema.org\",\"@graph\":[{\"@type\":\"WebPage\",\"@id\":\"https:\/\/xn--krtilkge-54af.dk\/index.php\/event\/koertilkoege-paa-valloe-camping\/\",\"url\":\"https:\/\/xn--krtilkge-54af.dk\/index.php\/event\/koertilkoege-paa-valloe-camping\/\",\"name\":\"K\u00f8rTilK\u00f8ge p\u00e5 Vall\u00f8 Camping - K\u00f8r Til K\u00f8ge\",\"isPartOf\":{\"@id\":\"http:\/\/xn--krtilkge-54af.dk\/#website\"},\"datePublished\":\"2025-03-28T09:59:43+00:00\",\"dateModified\":\"2025-03-28T10:11:51+00:00\",\"breadcrumb\":{\"@id\":\"https:\/\/xn--krtilkge-54af.dk\/index.php\/event\/koertilkoege-paa-valloe-camping\/#breadcrumb\"},\"inLanguage\":\"da-DK\",\"potentialAction\":[{\"@type\":\"ReadAction\",\"target\":[\"https:\/\/xn--krtilkge-54af.dk\/index.php\/event\/koertilkoege-paa-valloe-camping\/\"]}]},{\"@type\":\"BreadcrumbList\",\"@id\":\"https:\/\/xn--krtilkge-54af.dk\/index.php\/event\/koertilkoege-paa-valloe-camping\/#breadcrumb\",\"itemListElement\":[{\"@type\":\"ListItem\",\"position\":1,\"name\":\"Hjem\",\"item\":\"http:\/\/xn--krtilkge-54af.dk\/\"},{\"@type\":\"ListItem\",\"position\":2,\"name\":\"Begivenheder\",\"item\":\"http:\/\/xn--krtilkge-54af.dk\/index.php\/events\/\"},{\"@type\":\"ListItem\",\"position\":3,\"name\":\"K\u00f8rTilK\u00f8ge p\u00e5 Vall\u00f8 Camping\"}]},{\"@type\":\"WebSite\",\"@id\":\"http:\/\/xn--krtilkge-54af.dk\/#website\",\"url\":\"http:\/\/xn--krtilkge-54af.dk\/\",\"name\":\"K\u00f8r Til K\u00f8ge\",\"description\":\"Tr\u00e6f for k\u00f8ret\u00f8jer over 25 \u00e5r\",\"publisher\":{\"@id\":\"http:\/\/xn--krtilkge-54af.dk\/#organization\"},\"potentialAction\":[{\"@type\":\"SearchAction\",\"target\":{\"@type\":\"EntryPoint\",\"urlTemplate\":\"http:\/\/xn--krtilkge-54af.dk\/?s={search_term_string}\"},\"query-input\":{\"@type\":\"PropertyValueSpecification\",\"valueRequired\":true,\"valueName\":\"search_term_string\"}}],\"inLanguage\":\"da-DK\"},{\"@type\":\"Organization\",\"@id\":\"http:\/\/xn--krtilkge-54af.dk\/#organization\",\"name\":\"K\u00f8r Til K\u00f8ge\",\"url\":\"http:\/\/xn--krtilkge-54af.dk\/\",\"logo\":{\"@type\":\"ImageObject\",\"inLanguage\":\"da-DK\",\"@id\":\"http:\/\/xn--krtilkge-54af.dk\/#\/schema\/logo\/image\/\",\"url\":\"https:\/\/xn--krtilkge-54af.dk\/wp-content\/uploads\/2025\/01\/cropped-logo.png\",\"contentUrl\":\"https:\/\/xn--krtilkge-54af.dk\/wp-content\/uploads\/2025\/01\/cropped-logo.png\",\"width\":240,\"height\":250,\"caption\":\"K\u00f8r Til K\u00f8ge\"},\"image\":{\"@id\":\"http:\/\/xn--krtilkge-54af.dk\/#\/schema\/logo\/image\/\"},\"sameAs\":[\"https:\/\/www.facebook.com\/groups\/796986930314276\",\"https:\/\/www.instagram.com\/kortilkoge\/\"]}]}<\/script>\n<!-- \/ Yoast SEO plugin. -->","yoast_head_json":{"title":"K\u00f8rTilK\u00f8ge p\u00e5 Vall\u00f8 Camping - K\u00f8r Til K\u00f8ge","robots":{"index":"index","follow":"follow","max-snippet":"max-snippet:-1","max-image-preview":"max-image-preview:large","max-video-preview":"max-video-preview:-1"},"canonical":"https:\/\/xn--krtilkge-54af.dk\/index.php\/event\/koertilkoege-paa-valloe-camping\/","og_locale":"da_DK","og_type":"article","og_title":"K\u00f8rTilK\u00f8ge p\u00e5 Vall\u00f8 Camping - K\u00f8r Til K\u00f8ge","og_description":"L\u00f8rdag den 30\/08-25 er K\u00f8rTilK\u00f8ge inviteret p\u00e5 Vall\u00f8 Camping, med start kl. 13,00. Pandekage bilen Tutten kommer med l\u00e6ggerrier til os. https:\/\/www.mad-tutten.dk\/","og_url":"https:\/\/xn--krtilkge-54af.dk\/index.php\/event\/koertilkoege-paa-valloe-camping\/","og_site_name":"K\u00f8r Til K\u00f8ge","article_publisher":"https:\/\/www.facebook.com\/groups\/796986930314276","article_modified_time":"2025-03-28T10:11:51+00:00","twitter_card":"summary_large_image","twitter_misc":{"Estimeret l\u00e6setid":"1 minut"},"schema":{"@context":"https:\/\/schema.org","@graph":[{"@type":"WebPage","@id":"https:\/\/xn--krtilkge-54af.dk\/index.php\/event\/koertilkoege-paa-valloe-camping\/","url":"https:\/\/xn--krtilkge-54af.dk\/index.php\/event\/koertilkoege-paa-valloe-camping\/","name":"K\u00f8rTilK\u00f8ge p\u00e5 Vall\u00f8 Camping - K\u00f8r Til K\u00f8ge","isPartOf":{"@id":"http:\/\/xn--krtilkge-54af.dk\/#website"},"datePublished":"2025-03-28T09:59:43+00:00","dateModified":"2025-03-28T10:11:51+00:00","breadcrumb":{"@id":"https:\/\/xn--krtilkge-54af.dk\/index.php\/event\/koertilkoege-paa-valloe-camping\/#breadcrumb"},"inLanguage":"da-DK","potentialAction":[{"@type":"ReadAction","target":["https:\/\/xn--krtilkge-54af.dk\/index.php\/event\/koertilkoege-paa-valloe-camping\/"]}]},{"@type":"BreadcrumbList","@id":"https:\/\/xn--krtilkge-54af.dk\/index.php\/event\/koertilkoege-paa-valloe-camping\/#breadcrumb","itemListElement":[{"@type":"ListItem","position":1,"name":"Hjem","item":"http:\/\/xn--krtilkge-54af.dk\/"},{"@type":"ListItem","position":2,"name":"Begivenheder","item":"http:\/\/xn--krtilkge-54af.dk\/index.php\/events\/"},{"@type":"ListItem","position":3,"name":"K\u00f8rTilK\u00f8ge p\u00e5 Vall\u00f8 Camping"}]},{"@type":"WebSite","@id":"http:\/\/xn--krtilkge-54af.dk\/#website","url":"http:\/\/xn--krtilkge-54af.dk\/","name":"K\u00f8r Til K\u00f8ge","description":"Tr\u00e6f for k\u00f8ret\u00f8jer over 25 \u00e5r","publisher":{"@id":"http:\/\/xn--krtilkge-54af.dk\/#organization"},"potentialAction":[{"@type":"SearchAction","target":{"@type":"EntryPoint","urlTemplate":"http:\/\/xn--krtilkge-54af.dk\/?s={search_term_string}"},"query-input":{"@type":"PropertyValueSpecification","valueRequired":true,"valueName":"search_term_string"}}],"inLanguage":"da-DK"},{"@type":"Organization","@id":"http:\/\/xn--krtilkge-54af.dk\/#organization","name":"K\u00f8r Til K\u00f8ge","url":"http:\/\/xn--krtilkge-54af.dk\/","logo":{"@type":"ImageObject","inLanguage":"da-DK","@id":"http:\/\/xn--krtilkge-54af.dk\/#\/schema\/logo\/image\/","url":"https:\/\/xn--krtilkge-54af.dk\/wp-content\/uploads\/2025\/01\/cropped-logo.png","contentUrl":"https:\/\/xn--krtilkge-54af.dk\/wp-content\/uploads\/2025\/01\/cropped-logo.png","width":240,"height":250,"caption":"K\u00f8r Til K\u00f8ge"},"image":{"@id":"http:\/\/xn--krtilkge-54af.dk\/#\/schema\/logo\/image\/"},"sameAs":["https:\/\/www.facebook.com\/groups\/796986930314276","https:\/\/www.instagram.com\/kortilkoge\/"]}]}},"_links":{"self":[{"href":"https:\/\/xn--krtilkge-54af.dk\/index.php\/wp-json\/wp\/v2\/tribe_events\/31699","targetHints":{"allow":["GET"]}}],"collection":[{"href":"https:\/\/xn--krtilkge-54af.dk\/index.php\/wp-json\/wp\/v2\/tribe_events"}],"about":[{"href":"https:\/\/xn--krtilkge-54af.dk\/index.php\/wp-json\/wp\/v2\/types\/tribe_events"}],"author":[{"embeddable":true,"href":"https:\/\/xn--krtilkge-54af.dk\/index.php\/wp-json\/wp\/v2\/users\/2"}],"version-history":[{"count":1,"href":"https:\/\/xn--krtilkge-54af.dk\/index.php\/wp-json\/wp\/v2\/tribe_events\/31699\/revisions"}],"predecessor-version":[{"id":31700,"href":"https:\/\/xn--krtilkge-54af.dk\/index.php\/wp-json\/wp\/v2\/tribe_events\/31699\/revisions\/31700"}],"wp:attachment":[{"href":"https:\/\/xn--krtilkge-54af.dk\/index.php\/wp-json\/wp\/v2\/media?parent=31699"}],"wp:term":[{"taxonomy":"post_tag","embeddable":true,"href":"https:\/\/xn--krtilkge-54af.dk\/index.php\/wp-json\/wp\/v2\/tags?post=31699"},{"taxonomy":"tribe_events_cat","embeddable":true,"href":"https:\/\/xn--krtilkge-54af.dk\/index.php\/wp-json\/wp\/v2\/tribe_events_cat?post=31699"}],"curies":[{"name":"wp","href":"https:\/\/api.w.org\/{rel}","templated":true}]}}

KørTilKøge på Vallø Camping

<p>Lørdag den 30/08-25 er KørTilKøge inviteret på Vallø Camping, med start kl. 13,00. Pandekage bilen Tutten kommer med læggerrier til os.</p>
<p>https://www.mad-tutten.dk/</p>

<p>Lørdag den 30/08-25 er KørTilKøge inviteret på Vallø Camping, med start kl. 13,00. Pandekage bilen Tutten kommer med læggerrier til os. https://www.mad-tutten.dk/</p>

<!-- This site is optimized with the Yoast SEO plugin v25.5 - https://yoast.com/wordpress/plugins/seo/ -->
<title>KørTilKøge på Vallø Camping - Kør Til Køge</title>
<meta name="robots" content="index, follow, max-snippet:-1, max-image-preview:large, max-video-preview:-1" />
<link rel="canonical" href="https://xn--krtilkge-54af.dk/index.php/event/koertilkoege-paa-valloe-camping/" />
<meta property="og:locale" content="da_DK" />
<meta property="og:type" content="article" />
<meta property="og:title" content="KørTilKøge på Vallø Camping - Kør Til Køge" />
<meta property="og:description" content="Lørdag den 30/08-25 er KørTilKøge inviteret på Vallø Camping, med start kl. 13,00. Pandekage bilen Tutten kommer med læggerrier til os. https://www.mad-tutten.dk/" />
<meta property="og:url" content="https://xn--krtilkge-54af.dk/index.php/event/koertilkoege-paa-valloe-camping/" />
<meta property="og:site_name" content="Kør Til Køge" />
<meta property="article:publisher" content="https://www.facebook.com/groups/796986930314276" />
<meta property="article:modified_time" content="2025-03-28T10:11:51+00:00" />
<meta name="twitter:card" content="summary_large_image" />
<meta name="twitter:label1" content="Estimeret læsetid" />
	<meta name="twitter:data1" content="1 minut" />
<script type="application/ld+json" class="yoast-schema-graph">{"@context":"https://schema.org","@graph":[{"@type":"WebPage","@id":"https://xn--krtilkge-54af.dk/index.php/event/koertilkoege-paa-valloe-camping/","url":"https://xn--krtilkge-54af.dk/index.php/event/koertilkoege-paa-valloe-camping/","name":"KørTilKøge på Vallø Camping - Kør Til Køge","isPartOf":{"@id":"http://xn--krtilkge-54af.dk/#website"},"datePublished":"2025-03-28T09:59:43+00:00","dateModified":"2025-03-28T10:11:51+00:00","breadcrumb":{"@id":"https://xn--krtilkge-54af.dk/index.php/event/koertilkoege-paa-valloe-camping/#breadcrumb"},"inLanguage":"da-DK","potentialAction":[{"@type":"ReadAction","target":["https://xn--krtilkge-54af.dk/index.php/event/koertilkoege-paa-valloe-camping/"]}]},{"@type":"BreadcrumbList","@id":"https://xn--krtilkge-54af.dk/index.php/event/koertilkoege-paa-valloe-camping/#breadcrumb","itemListElement":[{"@type":"ListItem","position":1,"name":"Hjem","item":"http://xn--krtilkge-54af.dk/"},{"@type":"ListItem","position":2,"name":"Begivenheder","item":"http://xn--krtilkge-54af.dk/index.php/events/"},{"@type":"ListItem","position":3,"name":"KørTilKøge på Vallø Camping"}]},{"@type":"WebSite","@id":"http://xn--krtilkge-54af.dk/#website","url":"http://xn--krtilkge-54af.dk/","name":"Kør Til Køge","description":"Træf for køretøjer over 25 år","publisher":{"@id":"http://xn--krtilkge-54af.dk/#organization"},"potentialAction":[{"@type":"SearchAction","target":{"@type":"EntryPoint","urlTemplate":"http://xn--krtilkge-54af.dk/?s={search_term_string}"},"query-input":{"@type":"PropertyValueSpecification","valueRequired":true,"valueName":"search_term_string"}}],"inLanguage":"da-DK"},{"@type":"Organization","@id":"http://xn--krtilkge-54af.dk/#organization","name":"Kør Til Køge","url":"http://xn--krtilkge-54af.dk/","logo":{"@type":"ImageObject","inLanguage":"da-DK","@id":"http://xn--krtilkge-54af.dk/#/schema/logo/image/","url":"https://xn--krtilkge-54af.dk/wp-content/uploads/2025/01/cropped-logo.png","contentUrl":"https://xn--krtilkge-54af.dk/wp-content/uploads/2025/01/cropped-logo.png","width":240,"height":250,"caption":"Kør Til Køge"},"image":{"@id":"http://xn--krtilkge-54af.dk/#/schema/logo/image/"},"sameAs":["https://www.facebook.com/groups/796986930314276","https://www.instagram.com/kortilkoge/"]}]}</script>
<!-- / Yoast SEO plugin. -->

KørTilKøge på Vallø Camping - Kør Til Køge

Lørdag den 30/08-25 er KørTilKøge inviteret på Vallø Camping, med start kl. 13,00. Pandekage bilen Tutten kommer med læggerrier til os. https://www.mad-tutten.dk/

Kør Til Køge

Træf for køretøjer over 25 år
